*u + n + 394 = -451. Suppose 8*x - 6*x - 34 = 0. What is the highest common divisor of u and x?
17
Let j(d) = d + d + 102 - 138. Let v be j(19). Let i be (4 - -9)/(2/v). What is the highest common divisor of 52 and i?
13
Suppose 16*l = -22 + 248 + 110. Calculate the highest common factor of l and 14532.
21
Suppose 2150 = 15*g + 1790. What is the greatest common factor of 3756 and g?
12
Suppose -3*i - 137 + 247 = 2*i. What is the greatest common divisor of i and 6941?
11
Let m = 2738 - 2210. Let r(v) = -14*v - 8. Let s be r(-4). What is the greatest common factor of s and m?
48
Let c be (-102914)/(-147) + (-2)/21 - -3. What is the greatest common factor of 513 and c?
19
Suppose 99 = 3*u - 5*q, 4*u - 99 - 1 = -4*q. Let r(p) = 15*p + 13*p + 6*p - 120 - 8*p + p**2. Let i be r(-31). Calculate the greatest common factor of u and i.
7
Let x(h) = 4*h**2 + 2*h + 5. Let r be x(2). Suppose s + 78 = -3*v, s - 6*s = -4*v + 295. Let p be (s/6 - 2)*-18. What is the highest common divisor of r and p?
25
Let x(y) = 34*y**2 - 30*y - 208. Let f be x(-9). Calculate the highest common divisor of f and 192.
64
Let a = 32 + 40. Suppose -144 = -5*c + 13*c. Let u be (c/5)/(301/35 + -9). Calculate the highest common factor of u and a.
9
Suppose z - 3161 = -3136. What is the highest common factor of 535 and z?
5
Suppose -204*b + 25 = -209*b, -4*k - 2*b = -80430. Calculate the greatest common divisor of 10 and k.
10
Let y be ((-2)/(-4))/(30/24 - 1). Suppose 2*m = x, -y*x - 2*m - 18 = -6*x. Let s be 6/(-1)*-1*3. Calculate the greatest common factor of x and s.
6
Suppose -209*r + 158700 = -71*r. What is the greatest common factor of 150 and r?
50
Suppose -90 = 27*c - 36*c. Let z be c - 10 - (-3 - (3 + 137)). What is the greatest common divisor of z and 13?
13
Let u be 6*((-32)/12 + 2). Let s be 3/1 + u/((-8)/354). Suppose 4*y - y + 183 = 2*n, 4*y + s = 2*n. What is the highest common factor of n and 32?
32
Suppose -32 + 10 = -2*m. Let w = 99 - m. Suppose -1936 = -1086*n + 1042*n. What is the greatest common divisor of n and w?
44
Let c(v) = v**2 - v + 5. Let h be c(0). Suppose 3*o - 166 = 4*w - 5*w, h*w - 170 = -3*o. Suppose 26 - 1 = 5*q. What is the highest common factor of o and q?
5
Suppose -2*l + 60*n - 57*n = -51, 20 = 4*n. What is the highest common factor of l and 528?
33
Let d be 1107/738*((-204)/(-9))/1. What is the greatest common factor of d and 25194?
34
Let a = -37 - -15. Let g(q) = -13*q**2 - 9*q**2 - 2*q**3 + 6 - 3*q + q**3 + 0*q**3. Let u be g(a). What is the highest common divisor of u and 24?
24
Let b(n) = -2*n + 25. Let y be b(5). Suppose 4*m - y = -3*o, 6*m + 20 = 2*m + 4*o. Suppose m*k + 8*k = 272. Calculate the highest common divisor of 85 and k.
17
Let a(q) = q + 8. Let o be a(0). Let v(u) = 2*u + 30. Let r be v(o). Calculate the highest common divisor of r and 138.
46
Let u(p) = -112 + 11*p + 238 - 111 + p**2. Let o be 0 + 1 + (1 - 12). Let v be u(o). Calculate the highest common divisor of v and 45.
5
Let s = -62 - -3. Let r = 104 + s. Let n be (-71)/(-4) - (-1)/4. What is the highest common divisor of r and n?
9
Suppose -d + 67 + 251 + 60 = 0. What is the highest common factor of 154 and d?
14
Let l = 45 + -31. Suppose 120*v - 128*v + 32 = 0. Suppose f - 26 = -4*n, 8*f - v*n = 10*f - 40. Calculate the highest common factor of f and l.
14
Let n be ((-9)/(-6))/(-3 + 748/248). Suppose -6*m - 39 = -n. Let l be -2 + -30*(-6)/m + 3. What is the highest common divisor of l and 14?
7
Suppose 5*i - k + 0 = -56, -68 = 4*i + 5*k. Let r = 121 + -81. Let g = i + r. Calculate the highest common factor of 84 and g.
28
Let u(p) be the first derivative of 75*p**2/2 + 389*p - 429. Let s be u(-5). Let k be (-4)/3*(-4 - -1). What is the highest common divisor of k and s?
2
Suppose 0 = s - 1, -s + 17 = -4*k + 8*k. Suppose -4*y + 11*n = 7*n - 80, -k*y = 3*n - 59. What is the highest common factor of y and 187?
17
Let i = -26 + 22. Let l be 2/(i/(-297))*4/3. Suppose -p + 42 = -0*p + 4*n, -5*p + 115 = n. What is the greatest common factor of p and l?
22
Let k = -1311 - -1437. Let h(w) = -20*w - 6. Let z be h(-3). What is the greatest common divisor of z and k?
18
Let b(f) = 7*f - 7. Let c be b(-6). Let n be (20 - (-1528)/(-76)) + 306/19. Let v = n - c. What is the highest common divisor of 39 and v?
13
Let q(o) = 101*o - 3489. Let p be q(43). Calculate the highest common factor of p and 3538.
122
Suppose -50 = -2*y - 3*y. Let v = y + 2. Suppose -151*j + 53*j - 71*j = -398 - 7714. Calculate the greatest common factor of v and j.
12
Let n = -1106 + 1330. Let g(d) = d**2 + 2*d + 4. Let k be g(8). Calculate the greatest common divisor of n and k.
28
Let s(d) = 6*d + 16. Let c be s(-5). Let b be ((-48)/c)/(-5 + 216/42). Suppose 4*f - 87 - 585 = 0. What is the highest common factor of f and b?
24
Let l = 671 + -1202. Let y = l + 569. Calculate the highest common factor of 266 and y.
38
Let y = -9 - -6. Let i be y/(4/(-6) + (-68)/(-156)). Suppose -i*p + 77 + 235 = 0. Calculate the greatest common factor of 168 and p.
24
Let z = -12466 + 12514. Calculate the highest common divisor of 303 and z.
3
Let g be ((-162)/(-24))/((-1 + 2)/12). Suppose -5*f - 3*h + 165 = 0, -4*f + 0*h + 149 = -h. Calculate the highest common factor of g and f.
9
Let d be (3 - 0 - 0)*(-10)/(-6). Suppose 15 = -0*r - 5*r, -5*y + 225 = -d*r. What is the greatest common divisor of 24 and y?
6
Suppose -4*n + 53*d = 57*d - 5224, -3*n - 2*d = -3925. What is the greatest common divisor of 202 and n?
101
Suppose 7565*g - 732 = 7534*g + 43. What is the greatest common divisor of g and 13075?
25
Suppose 5*i - 48518 = f, 18*i + 3*f - 19431 = 16*i. Calculate the greatest common factor of 15 and i.
15
Let h(v) = 13*v - 24. Let w be h(2). Suppose 0 = -8*u + w*u + 144. Calculate the greatest common divisor of 12 and u.
12
Let n be 12*(-55)/(-132) - -1451. Calculate the highest common factor of 156 and n.
52
Let o = 17540 - 17505. Calculate the greatest common factor of 945 and o.
35
Suppose -676 = 5*n - 18*n. Suppose 4*c = -a + 269, -2*a = 58 - n. Calculate the highest common divisor of c and 238.
34
Suppose 266*z - 243*z - 5865 = 0. Calculate the highest common divisor of 20 and z.
5
Let j = -22 - -141. Let f = j - 116. Let q be (f - -3 - 17)/((-2)/42). What is the highest common factor of 21 and q?
21
Let f be (-87 - 2) + 20/5 + -3. Let g = f + 253. Calculate the highest common divisor of g and 5.
5
Suppose 21*q = 25*q. Let z be -1 + q + -1 + 168 + -7. Let m = -93 + z. Calculate the highest common divisor of 6 and m.
6
Suppose 0 = 4*k - 4*g - g + 41, -2*k + 7 = 3*g. Let w be 35 - (k - 5/(-10)*2). Calculate the greatest common factor of w and 266.
38
Let q(y) = 2*y**3 - 52*y**2 + 52*y + 117. Let v be q(32). Calculate the greatest common divisor of 11 and v.
11
Let w(j) = 2*j**2 + 14*j - 4. Let z be w(-7). Let p be (30/5 + z)*4. Let s(g) = -2*g - 6. Let t be s(-11). What is the greatest common factor of p and t?
8
Let v = -41 + 57. Suppose 3*q = -3*o + 204, 4*o - 126 = 5*q + 182. What is the greatest common divisor of o and v?
8
Suppose 10*b + 29*b = 21*b + 144. What is the greatest common divisor of 25 and b?
1
Let m = 425 + -418. Suppose m*a + 21 - 49 = 0. What is the highest common divisor of 188 and a?
4
Let w = -3427 + 3754. Calculate the greatest common divisor of 1199 and w.
109
Suppose 4*a + 5*u - 474 = 0, -1318 = -9*a + 5*u - 154. Let q = 79 - 52. Calculate the highest common divisor of q and a.
9
Suppose -89*b + 14854 = 3818. What is the greatest common divisor of 651 and b?
31
Let q be (-3)/(-5) - (-84411)/565. Calculate the greatest common divisor of 400 and q.
50
Let o(q) = 2*q**2 + 89*q - 124. Let n be o(-52). What is the highest common factor of n and 861?
41
Let y be 1285/15 - (-1)/3. Suppose -2*m - a + 20 = -m, 2*a = 5*m - y. What is the greatest common divisor of m and 288?
18
Let d(v) = v**2 - 5*v + 6. Suppose 109*w - 116*w + 21 = 0. Let k be 8/3*w/2. Let x be d(k). What is the highest common factor of 7 and x?
1
Suppose x - 101*f = -98*f + 511, 0 = -3*f - 15. What is the greatest common factor of x and 112?
16
Suppose 4*p - 9*p = -10. Let x be 11 + (-8 - -3) - 4. Suppose 0 = p*b - x. What is the highest common divisor of b and 9?
1
Let n(r) = 6*r**2 - 11*r - 2. Let u be n(-5). Let j be (0 + -7)*(-